 - 3207. Let r = -2020 - k. Let p = r - 421. Is p prime?
True
Suppose 10252 + 3041 = 3*g. Let m be 0 + -4 + (-13)/(26/(-8)). Suppose m = 8*v - v - g. Is v prime?
False
Is (-4)/3 + (-80786570)/(-366) prime?
False
Let u = -42 + 9. Let o = u - -33. Suppose 4*r - 248 - 212 = o. Is r composite?
True
Let z = 104 + -297. Let s = z - -456. Is s composite?
False
Let k be 1/(-2)*(-8 - (6 - 6)). Suppose -5*w - k*z = -31177, 2*z - 12478 = -2*w - 2*z. Is w composite?
True
Suppose -11*d - 10*d + 16071 = -21750. Is d a prime number?
True
Let k(w) = -9*w**2 + 9*w + 65. Let c(x) = -13*x**2 + 13*x + 98. Let y(v) = v**2 + 12*v + 29. Let u be y(-6). Let l(i) = u*k(i) + 5*c(i). Is l(0) prime?
False
Suppose 7*c - 13848 = c. Suppose 35*i = 37*i - c. Suppose 3*u + i = 5585. Is u prime?
False
Suppose -2*r - 28947 = 15429. Let k be r/(-21) + 4/(-7) + 1. Suppose 14*i = 13*i + k. Is i composite?
True
Suppose -134*v - 1403565 + 13022880 = v. Is v a prime number?
True
Let t = 76 + -112. Let x be (1/(-2))/(3/t). Suppose 1599 + 11445 = x*q. Is q prime?
False
Let a be (-30)/(-9) + (-2)/(-3). Let b be -2 + ((-8)/(-14))/(32/112). Suppose l = -l + 4*r + 1974, b = -5*l + a*r + 4947. Is l composite?
False
Suppose 60*q + 1138154 - 15908174 = 0. Is q a composite number?
False
Let j = -237995 - -505482. Is j a composite number?
True
Let d = 1868 - 1174. Is d a composite number?
True
Suppose -z = -2*h + 12678 + 7293, -5*h + 49965 = 5*z. Let u = h + -4365. Is u prime?
True
Suppose 0 = -9*l + 143 + 100. Let y(s) = s**3 - 16*s**2 - 30*s + 34. Is y(l) a composite number?
False
Let n(w) = 11*w**3 + w. Let a be n(-1). Let p(b) be the second derivative of -b**5/20 - 11*b**4/12 - 5*b**2 + 4*b. Is p(a) a composite number?
True
Suppose 5*j - 1129 = -3*w, 3*w - 8 = 1. Suppose j*k = 231*k - 9821. Is k a composite number?
True
Suppose 11*b - 14*b = -2*k + 5, 4*b + 12 = 0. Is 7605 - (9 + -5 - (k + 2)) a composite number?
True
Suppose 5*t = 10*t. Suppose t = -4*u - 12 + 32. Suppose -4*f = u*g - 0*g - 2312, 0 = 2*f + g - 1162. Is f a composite number?
True
Suppose -3*g - 30987 = 2*l, l - 66*g + 71*g = -15497. Let j = -9847 - l. Is j composite?
True
Suppose 4*h - 57172 = -3*x + 6*x, x + 28586 = 2*h. Is h composite?
False
Let o be (6/(-10))/((-9)/225). Let b = -15 + o. Is 446 - (b - (2 - 1)) a composite number?
True
Suppose -377 + 365 = -6*a. Is 60735/(-10)*a/6*-2 a prime number?
True
Suppose -4*f + 258 = -2*b, -52 = -2*f + f + 3*b. Let u = -64 + f. Suppose u*z = -3*g - 2*g + 13823, 5*z + 13855 = 5*g. Is g composite?
False
Let x(f) = -15*f**3 + 33*f**2 + 77*f + 327. Is x(-34) a prime number?
False
Let y = -10002 + 68839. Is y composite?
True
Suppose -8*z + 31903 = 3*b - 4*z, -b = -3*z - 10617. Suppose b = 8*k - 6803. Is k composite?
False
Let p be 46457/7 + 12/42. Let r = -3951 + p. Let o = r - 1179. Is o a composite number?
True
Let u(m) = m**3 + 3*m**2 - 5*m - 2. Let r be u(-4). Let j = r + 2. Suppose 5*i = -3*z + 425, i - j*z = -0*i + 85. Is i a prime number?
False
Suppose 0 = -5*g - 3*g + 2*g. Suppose g = 15*v - 17*v + 2794. Is v prime?
False
Is (34488/74 + (-36)/666)/(2/89) composite?
True
Let y = 51 + -47. Suppose -y = -8*i - 12. Is (i - (-4)/(-2))*212/(-12) prime?
True
Let d(i) = -8 - 228*i - 1741*i - 167*i + 67 - 1845*i. Is d(-4) prime?
False
Suppose -4*m = 137 + 199. Let z be (-144204)/m + (-4)/(-14). Let q = 3198 - z. Is q a prime number?
True
Let t(l) = l**3 + 3*l**2 + 5*l + 13. Let g be t(-3). Let m be 2865/45 - g/6. Is (-33568)/m*2/(-1) a prime number?
True
Let i(q) = 37*q**2. Suppose 2*b - 2*s - 4 = 0, 0*b + 3*b - 5*s = 12. Is i(b) composite?
False
Suppose 1070156 = -10*t - t + 2976357. Is t prime?
True
Is (-2235)/3725 + (-9894266)/(-10) a prime number?
False
Let s = 360061 + -181412. Is s composite?
True
Let l(j) = -40*j**3 + 12*j**2 - 13*j + 169. Is l(-16) composite?
True
Let v(w) = -213*w**2 - 14*w - 48. Let z(s) = 107*s**2 + 8*s + 25. Let q(j) = -3*v(j) - 5*z(j). Is q(7) a composite number?
True
Suppose -10886272 = 56*s - 120*s. Is s prime?
False
Let g = 2316 - 1648. Let k be (2 - 7 - g)/((-1)/5). Suppose 0 = 2*w + 3*w - k. Is w prime?
True
Let p = 1867 + -1186. Let h = p - -3080. Is h a prime number?
True
Suppose 7*b + 443080 + 2340 = 27*b. Is b a prime number?
True
Let d be (-2)/(1 + (-7)/6). Suppose -4*k + 4*z + 48 = -0*k, 4*k = -5*z + d. Suppose 4*v - k*v = 16, 1168 = 2*p + v. Is p a composite number?
True
Suppose 0 = 2160*o - 2161*o + 28874. Is o composite?
True
Suppose r - 2*u = 5581, 9*r = 13*r + 3*u - 22357. Is r a prime number?
False
Let g = 2632222 + -1301571. Is g composite?
True
Let x(t) = 4*t**2 - 6*t + 3. Let j be x(2). Suppose -3*c = -j*c + 4, 3*g - 13 = 5*c. Suppose -3*p - g = -5*f + 143, 3*f - 5*p - 83 = 0. Is f composite?
False
Let h = 27 - 42. Let n = -15 - h. Suppose n = -2*p - 5*c + 33, -p - 3*p + 4*c + 80 = 0. Is p a prime number?
True
Suppose -8 = 3*p + 22. Let h(r) = -r + 1. Let v(n) = 16*n + 14. Let j(s) = -5*h(s) - v(s). Is j(p) prime?
False
Let g be (-9)/36*30*8/10. Let y(s) = -s**3 + 2*s**2 - 2*s + 1. Is y(g) a prime number?
False
Let a = -17686 - -38855. Is a composite?
False
Suppose 0 = -13*w + 3982516 + 4062558 + 463764. Is w a composite number?
True
Suppose -4*q + 0*m - 15 = 5*m, -q = -5*m - 15. Suppose 11*s - 136113 - 13168 = q. Is s a composite number?
True
Suppose l - 5*x = -22, -x = -2*l - 3 + 4. Suppose 3*c - 2850 = -l*g, -g - 2*c = -0*c - 947. Is g prime?
True
Let s = -51555 - -90698. Is s prime?
False
Let u(o) = -o**3 + 15*o**2 - 9*o + 43. Let j be (114/4)/(-5 + 8)*2. Let g be u(j). Let i = 2353 + g. Is i a prime number?
False
Is -254 + 422360 + (-11)/(-1) a prime number?
False
Is 323226/4 - (-12)/(-9)*(-279)/744 a prime number?
False
Let u(g) be the first derivative of -27/2*g**2 - 3 - 6*g. Is u(-11) prime?
False
Is 1917272934/2418 + 6/39 a composite number?
True
Let w = 53101 - 18452. Is w prime?
True
Let q = 85057 + 492780. Is q composite?
True
Suppose -139*k + 165341 = -138*k. Is k a composite number?
True
Suppose -2*h - 24 = -4*p - 0*h, 0 = h. Let a be (-4)/(-6) + (506/6 - p). Suppose 1341 - a = 2*k. Is k prime?
True
Let v = -102 + 106. Let n be 111/39 + v/26. Is (18/8)/n - (-406445)/52 a composite number?
False
Let a be -10 - (-961 - (8 + -10)). Let o(r) = 239*r**3 + 2*r + 1. Let p be o(-1). Let w = a + p. Is w a composite number?
False
Suppose -4236224 = -12*l - 20*l. Is l composite?
True
Let k(b) = -172*b - 6167. Is k(-113) prime?
False
Let d(r) = -32*r - 9. Let s(h) = 2*h - 1. Let q(y) = 2*d(y) - 22*s(y). Let l be q(-6). Let i = -345 + l. Is i a prime number?
True
Suppose 5*a = -4*p + 814969, 0*p - 977946 = -6*a - 2*p. Is a prime?
True
Suppose 5*n - 2*l = -0*l + 2, -2 = -4*n + 2*l. Suppose 3*i - 3*k + 5*k - 745 = n, 2*k = 5*i - 1263. Is i composite?
False
Let s(i) = -i - 4. Let v be s(-7). Suppose -28 = -v*p + 10*p. Is 4*p/(48/(-477)) a prime number?
False
Let l(t) = t**3 + 8*t**2 - 4*t - 27. Let x(o) = -o**3 - 21*o**2 - 21*o - 28. Let c be x(-20). Let i be l(c). Suppose i*d = 34846 + 16639. Is d a prime number?
False
Suppose -7121 - 11230 = -9*r. Suppose 4*z = 9797 + r. Is z a composite number?
True
Let d be (-1 + (-8656)/(-6))/(4/(-12)). Let c = -2864 - d. Is c a composite number?
True
Suppose 18*v = -10*v. Suppose 6*f - 3149 = 3*f + 2*i, 3*i + 3 = v. Is f composite?
False
Suppose 2*x + 8*s = 2008962, -2*s = -4*x - 5*s + 4017911. Is x composite?
False
Is -194*(1018/(-4) + -6) composite?
True
Is 867451/8 + (-84)/224 a prime number?
False
Let x(i) = 39*i**2 + 39*i + 19. Let y be -4 + -7 + (1 - -3). Is x(y) composite?
False
Let n(d) = 4*d**2 - 7*d - 8. Let y be (-104)/(-18) - (-4)/18. Let o be n(y). Let v = o - 36. Is v prime?
False
Suppose -7*f + 15 = 1. Suppose -f*w - 52 = -6*w. Let h = 306 + w. Is h prime?
False
Suppose -509 = -3*f + 2*w + 4252, f - 1576 = -3*w. Is f a composite number?
True
Suppose 242*b - 831*b + 205183641 = 152*b. Is b a prime number?
True
Let d(t) = 28*t + 526. Let z be d(-19). Is 15986*(15/z + 3) composite?
False
Let c(t) be the second derivative of t**5/10 - 7*t**4/12 - t**3/3 + 3*t**2/2 - 14*t. Let l be c(5). Suppose 8*j = l + 236. Is j prime?
False
Let w = 22238 + -13147. Is w composite?
False
Suppose 4*n = -43 - 65. Let q = 33 + n. Suppose 9*f = q*f + 537. Is f prime?
True
Let q be 3/(-7) + 14 + 469/(-49)